ime factors of 1060013.
37, 28649
What are the prime factors of 572910?
2, 3, 5, 13, 113
List the prime factors of 196258.
2, 98129
List the prime factors of 2589590.
2, 5, 258959
What are the prime factors of 6407667?
3, 7, 3767
What are the prime factors of 446416?
2, 27901
List the prime factors of 5697093.
3, 19, 127, 787
List the prime factors of 323156.
2, 80789
What are the prime factors of 653442?
2, 3, 108907
List the prime factors of 1189283.
331, 3593
List the prime factors of 8860151.
8860151
List the prime factors of 471976.
2, 58997
What are the prime factors of 1570235?
5, 103, 3049
List the prime factors of 174768.
2, 3, 11, 331
List the prime factors of 145006.
2, 72503
List the prime factors of 3431091.
3, 1143697
What are the prime factors of 7427653?
1171, 6343
List the prime factors of 10993398.
2, 3, 13, 97, 1453
What are the prime factors of 6190219?
7, 19, 61, 109
List the prime factors of 26804277.
3, 330917
List the prime factors of 11478638.
2, 17, 337607
What are the prime factors of 17760888?
2, 3, 37, 59, 113
List the prime factors of 2015384.
2, 7, 17, 29, 73
What are the prime factors of 302949?
3, 41, 821
List the prime factors of 2083541.
31, 67211
List the prime factors of 8314765.
5, 1662953
List the prime factors of 30499339.
13, 881, 2663
What are the prime factors of 140819?
7, 20117
List the prime factors of 11657.
11657
What are the prime factors of 6906036?
2, 3, 575503
What are the prime factors of 616264?
2, 11, 47, 149
What are the prime factors of 9290817?
3, 29, 35597
List the prime factors of 215209.
29, 41, 181
List the prime factors of 6172518.
2, 3, 11, 93523
List the prime factors of 4534650.
2, 3, 5, 3359
What are the prime factors of 396010?
2, 5, 199
What are the prime factors of 10024740?
2, 3, 5, 11, 61, 83
What are the prime factors of 234842?
2, 29, 4049
List the prime factors of 2134403.
19, 112337
What are the prime factors of 2110493?
7, 11, 27409
List the prime factors of 20192691.
3, 59, 114083
List the prime factors of 156324.
2, 3, 7, 1861
What are the prime factors of 50906?
2, 25453
What are the prime factors of 2539106?
2, 1103, 1151
List the prime factors of 12388179.
3, 4129393
List the prime factors of 16920818.
2, 8460409
List the prime factors of 152000.
2, 5, 19
What are the prime factors of 2768906?
2, 7, 197779
What are the prime factors of 104908?
2, 26227
What are the prime factors of 44614213?
7, 6373459
List the prime factors of 35051351.
41, 71, 12041
What are the prime factors of 6908108?
2, 677, 2551
List the prime factors of 1857726.
2, 3, 13, 17, 467
What are the prime factors of 786345?
3, 5, 7, 7489
What are the prime factors of 71463?
3, 7, 41, 83
List the prime factors of 419810.
2, 5, 41981
What are the prime factors of 18099?
3, 2011
List the prime factors of 133887.
3, 13, 3433
What are the prime factors of 780797?
31, 89, 283
What are the prime factors of 8691690?
2, 3, 5, 7, 41389
What are the prime factors of 1923620?
2, 5, 96181
What are the prime factors of 122908?
2, 30727
List the prime factors of 190151.
13, 14627
List the prime factors of 343903.
7, 73, 673
What are the prime factors of 221929?
31, 7159
List the prime factors of 390910.
2, 5, 13, 31, 97
What are the prime factors of 3274498?
2, 19, 86171
What are the prime factors of 590657?
590657
List the prime factors of 112014.
2, 3, 7, 127
List the prime factors of 1936500.
2, 3, 5, 1291
What are the prime factors of 617475?
3, 5, 8233
What are the prime factors of 272903?
272903
What are the prime factors of 624783?
3, 208261
What are the prime factors of 285743?
79, 3617
List the prime factors of 10506727.
7, 11, 101, 193
What are the prime factors of 12513831?
3, 11, 379207
List the prime factors of 343373.
343373
List the prime factors of 1464357.
3, 488119
What are the prime factors of 5787997?
659, 8783
What are the prime factors of 7675405?
5, 41, 37441
List the prime factors of 14678536.
2, 563, 3259
List the prime factors of 235900.
2, 5, 7, 337
What are the prime factors of 180029?
67, 2687
What are the prime factors of 1533748?
2, 131, 2927
List the prime factors of 12618370.
2, 5, 1261837
List the prime factors of 7787459.
1381, 5639
What are the prime factors of 2961609?
3, 7, 20147
What are the prime factors of 4513259?
31, 145589
What are the prime factors of 3348871?
1009, 3319
List the prime factors of 330312.
2, 3, 13763
What are the prime factors of 119377?
19, 61, 103
List the prime factors of 3629642.
2, 1814821
What are the prime factors of 254253?
3, 84751
List the prime factors of 1074850.
2, 5, 7, 37, 83
List the prime factors of 4451391.
3, 7, 70657
What are the prime factors of 1078175?
5, 7, 61, 101
List the prime factors of 9112722.
2, 3, 1171, 1297
What are the prime factors of 112703?
43, 2621
List the prime factors of 10893206.
2, 73, 74611
List the prime factors of 1551091.
227, 6833
List the prime factors of 185441.
185441
List the prime factors of 8426968.
2, 11, 17, 43, 131
What are the prime factors of 2620093?
7, 374299
What are the prime factors of 25520001?
3, 13, 103, 6353
List the prime factors of 1558017.
3, 331, 523
What are the prime factors of 425754?
2, 3, 7, 31, 109
What are the prime factors of 8485?
5, 1697
List the prime factors of 83059.
83059
List the prime factors of 971092.
2, 242773
List the prime factors of 34284767.
11, 17, 139, 1319
List the prime factors of 275258.
2, 229, 601
List the prime factors of 1800187.
23, 41, 83
List the prime factors of 217716.
2, 3, 18143
List the prime factors of 3749481.
3, 31, 89, 151
What are the prime factors of 4199605?
5, 839921
What are the prime factors of 22898695?
5, 593, 7723
List the prime factors of 13150345.
5, 13, 307, 659
What are the prime factors of 839152?
2, 179, 293
What are the prime factors of 568305?
3, 5, 73, 173
List the prime factors of 6469479.
3, 43, 73, 229
What are the prime factors of 210728?
2, 7, 53, 71
List the prime factors of 590348.
2, 11, 13417
List the prime factors of 3128087.
349, 8963
List the prime factors of 1665884.
2, 11, 37861
List the prime factors of 497682.
2, 3, 43, 643
What are the prime factors of 22056738?
2, 3, 11, 179, 1867
List the prime factors of 8491348.
2, 2122837
List the prime factors of 234509.
11, 21319
List the prime factors of 14447281.
89, 271, 599
List the prime factors of 4186882.
2, 7, 299063
List the prime factors of 652899.
3, 13, 16741
What are the prime factors of 551451?
3, 47, 3911
List the prime factors of 297503.
297503
List the prime factors of 68597.
68597
List the prime factors of 1585217.
71, 83, 269
List the prime factors of 3515518.
2, 37, 47507
List the prime factors of 179880.
2, 3, 5, 1499
What are the prime factors of 1146093?
3, 13, 29387
What are the prime factors of 336449?
509, 661
What are the prime factors of 18659920?
2, 5, 41, 5689
List the prime factors of 2585515.
5, 367, 1409
What are the prime factors of 569942?
2, 17, 16763
What are the prime factors of 1953200?
2, 5, 19, 257
List the prime factors of 48843.
3, 67
List the prime factors of 10061351.
907, 11093
What are the prime factors of 2589295?
5, 109, 4751
List the prime factors of 2209841.
2209841
What are the prime factors of 180513?
3, 31, 647
What are the prime factors of 5218724?
2, 7, 29, 6427
List the prime factors of 139925.
5, 29, 193
List the prime factors of 2988799.
11, 167, 1627
What are the prime factors of 4367718?
2, 3, 167, 1453
What are the prime factors of 8029745?
5, 71, 22619
List the prime factors of 16357378.
2, 179, 45691
List the prime factors of 2313279.
3, 28559
What are the prime factors of 1998465?
3, 5, 7, 2719
What are the prime factors of 5614429?
29, 193601
List the prime factors of 9331472.
2, 89, 6553
List the prime factors of 342301.
47, 7283
List the prime factors of 107733.
3, 35911
List the prime factors of 3878555.
5, 775711
What are the prime factors of 172778?
2, 86389
List the prime factors of 625593.
3, 151, 1381
List the prime factors of 300305.
5, 17, 3533
What are the prime factors of 1691258?
2, 647, 1307
List the prime factors of 267833.
267833
List the prime factors of 224713.
19, 11827
What are the prime factors of 1117024?
2, 67, 521
List the prime factors of 190540.
2, 5, 7, 1361
What ar